{"id":31,"date":"2020-04-10T09:34:50","date_gmt":"2020-04-10T09:34:50","guid":{"rendered":"http:\/\/foodicener.de\/?page_id=31"},"modified":"2020-04-10T09:34:50","modified_gmt":"2020-04-10T09:34:50","slug":"einfaches-seelenbohrer-brot","status":"publish","type":"page","link":"https:\/\/foodicener.de\/?page_id=31","title":{"rendered":"Einfaches Seelenbohrer Brot"},"content":{"rendered":"\n<p>Der Seelenbohrer ist das Symbol der Katholischen Jungen Gemeinschaft (kurz KJG). <\/p>\n\n\n\n<div class=\"wp-block-group\"><div class=\"wp-block-group__inner-container is-layout-flow wp-block-group-is-layout-flow\">\n<figure class=\"wp-block-image size-large is-resized is-style-rounded\"><img loading=\"lazy\" decoding=\"async\" src=\"http:\/\/foodicener.de\/wp-content\/uploads\/2020\/04\/20200409_114034-1-951x1024.jpg\" alt=\"\" class=\"wp-image-35\" width=\"391\" height=\"420\" srcset=\"https:\/\/foodicener.de\/wp-content\/uploads\/2020\/04\/20200409_114034-1-951x1024.jpg 951w, https:\/\/foodicener.de\/wp-content\/uploads\/2020\/04\/20200409_114034-1-279x300.jpg 279w, https:\/\/foodicener.de\/wp-content\/uploads\/2020\/04\/20200409_114034-1-768x827.jpg 768w, https:\/\/foodicener.de\/wp-content\/uploads\/2020\/04\/20200409_114034-1-1426x1536.jpg 1426w, https:\/\/foodicener.de\/wp-content\/uploads\/2020\/04\/20200409_114034-1.jpg 1820w\" sizes=\"auto, (max-width: 391px) 100vw, 391px\" \/><\/figure>\n<\/div><\/div>\n\n\n\n<div class=\"wp-block-group\"><div class=\"wp-block-group__inner-container is-layout-flow wp-block-group-is-layout-flow\">\n<p>Zutaten f\u00fcr den Hefeteig:<\/p>\n\n\n\n<ul class=\"wp-block-list\"><li>21g frische Hefe (od. 1 Pck. Trockenhefe)<\/li><li>300 ml warmes Wasser<\/li><li>20g Zuckerr\u00fcbensirup<\/li><li>10g Salz<\/li><li>500g Weizenmehl 812 (od. Dinkelmehl 1050)<\/li><li>1 TL Brotgew\u00fcrz<\/li><li>20g Oliven\u00f6l<\/li><\/ul>\n<\/div><\/div>\n\n\n\n<p>Backofen auf 200\u00b0C Ober-\/Unterhitze vorheizen. <\/p>\n\n\n\n<p>Verr\u00fchre die Hefe mit dem Wasser und dem Zuckerr\u00fcbensirup und lasse die Mischung f\u00fcr ca. 10 min stehen. Anschlie\u00dfend das Mehl, Salz und Brotgew\u00fcrz dazugeben und alles zusammen verkneten. Gebe dann langsam das Oliven\u00f6l dazu und knete den Teig ca 5 min zu einem weichen Hefeteig.<\/p>\n\n\n\n<p>TIPP f\u00fcr das Benutzen einer K\u00fcchenmaschine mit Hitzefunktion: Stelle die Maschine auf 35\u00b0C ein und knete so den Hefeteig.<\/p>\n\n\n\n<p>Lasse den Teig anschlie\u00dfen f\u00fcr 1h aufgehen.<\/p>\n\n\n\n<p>Forme anschlie\u00dfend den Seelenbohrer. Lege vor dem Backen zwischen den Hohlr\u00e4umen am besten Backpapier, damit sich der Teig nicht verbindet. Backe den Seelenbohrer nun ca 15 &#8211; 20 min. bis die Oberfl\u00e4che eine goldene Farbe hat. <\/p>\n\n\n\n<p>&#8211;FERTIG&#8211;<\/p>\n\n\n\n<p>Guten Appetit und viel Spa\u00df beim nachmachen.<\/p>\n","protected":false},"excerpt":{"rendered":"<p>Der Seelenbohrer ist das Symbol der Katholischen Jungen Gemeinschaft (kurz KJG). Zutaten f\u00fcr den Hefeteig: 21g frische Hefe (od. 1 Pck. Trockenhefe) 300 ml warmes Wasser 20g Zuckerr\u00fcbensirup 10g Salz 500g Weizenmehl 812 (od. Dinkelmehl 1050) 1 TL Brotgew\u00fcrz 20g Oliven\u00f6l Backofen auf 200\u00b0C Ober-\/Unterhitze vorheizen. Verr\u00fchre die Hefe mit dem Wasser und dem Zuckerr\u00fcbensirup &hellip; <\/p>\n<p class=\"link-more\"><a href=\"https:\/\/foodicener.de\/?page_id=31\" class=\"more-link\"><span class=\"screen-reader-text\">\u201eEinfaches Seelenbohrer Brot\u201c <\/span>weiterlesen<\/a><\/p>\n","protected":false},"author":1,"featured_media":0,"parent":0,"menu_order":0,"comment_status":"closed","ping_status":"closed","template":"","meta":{"footnotes":""},"class_list":["post-31","page","type-page","status-publish","hentry"],"_links":{"self":[{"href":"https:\/\/foodicener.de\/index.php?rest_route=\/wp\/v2\/pages\/31","targetHints":{"allow":["GET"]}}],"collection":[{"href":"https:\/\/foodicener.de\/index.php?rest_route=\/wp\/v2\/pages"}],"about":[{"href":"https:\/\/foodicener.de\/index.php?rest_route=\/wp\/v2\/types\/page"}],"author":[{"embeddable":true,"href":"https:\/\/foodicener.de\/index.php?rest_route=\/wp\/v2\/users\/1"}],"replies":[{"embeddable":true,"href":"https:\/\/foodicener.de\/index.php?rest_route=%2Fwp%2Fv2%2Fcomments&post=31"}],"version-history":[{"count":4,"href":"https:\/\/foodicener.de\/index.php?rest_route=\/wp\/v2\/pages\/31\/revisions"}],"predecessor-version":[{"id":37,"href":"https:\/\/foodicener.de\/index.php?rest_route=\/wp\/v2\/pages\/31\/revisions\/37"}],"wp:attachment":[{"href":"https:\/\/foodicener.de\/index.php?rest_route=%2Fwp%2Fv2%2Fmedia&parent=31"}],"curies":[{"name":"wp","href":"https:\/\/api.w.org\/{rel}","templated":true}]}}